9 is divided by 21379?
270
What is the remainder when 45194 is divided by 237?
164
Calculate the remainder when 736617 is divided by 13.
11
What is the remainder when 2071002723 is divided by 234?
231
What is the remainder when 850974 is divided by 524?
522
What is the remainder when 547210 is divided by 11146?
1056
What is the remainder when 595254 is divided by 3331?
2336
What is the remainder when 263114 is divided by 218?
206
What is the remainder when 119410 is divided by 7024?
2
What is the remainder when 18116 is divided by 2847?
1034
What is the remainder when 254074 is divided by 58?
34
Calculate the remainder when 530041 is divided by 625.
41
Calculate the remainder when 471273 is divided by 229.
220
Calculate the remainder when 25085 is divided by 7926.
1307
What is the remainder when 482472 is divided by 284?
240
What is the remainder when 101013118 is divided by 2875?
2868
What is the remainder when 683901 is divided by 4816?
29
Calculate the remainder when 50062146 is divided by 916.
914
What is the remainder when 6645785 is divided by 132911?
235
What is the remainder when 11469695 is divided by 271?
162
Calculate the remainder when 6058 is divided by 272.
74
What is the remainder when 55525799 is divided by 1175?
1174
Calculate the remainder when 19151 is divided by 14818.
4333
What is the remainder when 385962150 is divided by 3303?
3297
What is the remainder when 620549 is divided by 95?
9
Calculate the remainder when 43266 is divided by 39.
15
What is the remainder when 734162 is divided by 29366?
12
Calculate the remainder when 614905 is divided by 171.
160
What is the remainder when 19165683 is divided by 17021?
37
What is the remainder when 937449 is divided by 44640?
9
What is the remainder when 3073907 is divided by 15138?
893
What is the remainder when 440100739 is divided by 6089?
6086
Calculate the remainder when 335329072 is divided by 74.
70
What is the remainder when 70168 is divided by 13949?
423
Calculate the remainder when 701369 is divided by 1024.
953
What is the remainder when 151611835 is divided by 549?
544
What is the remainder when 5798046 is divided by 474?
78
Calculate the remainder when 51096031 is divided by 19.
15
Calculate the remainder when 3435872 is divided by 593.
30
What is the remainder when 112705 is divided by 3457?
2081
Calculate the remainder when 11407 is divided by 824.
695
What is the remainder when 1512197 is divided by 188?
113
What is the remainder when 857675 is divided by 4559?
583
Calculate the remainder when 25819 is divided by 734.
129
What is the remainder when 2774703 is divided by 308300?
3
Calculate the remainder when 141983 is divided by 47069.
776
What is the remainder when 2150851 is divided by 1220?
1211
What is the remainder when 42056 is divided by 13895?
371
Calculate the remainder when 80768969 is divided by 224.
169
Calculate the remainder when 17492 is divided by 5584.
740
Calculate the remainder when 897112 is divided by 434.
34
Calculate the remainder when 26292217 is divided by 196.
189
Calculate the remainder when 88022 is divided by 464.
326
What is the remainder when 123975 is divided by 51?
45
Calculate the remainder when 7562222 is divided by 1512412.
162
What is the remainder when 66904 is divided by 33083?
738
Calculate the remainder when 78637 is divided by 640.
557
What is the remainder when 38238 is divided by 9551?
34
What is the remainder when 2377279 is divided by 588?
583
Calculate the remainder when 25910 is divided by 11940.
2030
Calculate the remainder when 3102588 is divided by 709.
4
What is the remainder when 2189516 is divided by 91229?
20
What is the remainder when 757312 is divided by 1721?
72
Calculate the remainder when 22793 is divided by 8.
1
Calculate the remainder when 197384 is divided by 241.
5
Calculate the remainder when 34075508 is divided by 11358470.
98
What is the remainder when 1638745 is divided by 38?
33
What is the remainder when 69504 is divided by 13825?
379
What is the remainder when 138857595 is divided by 3200?
3195
What is the remainder when 4202259 is divided by 68?
63
What is the remainder when 18176611 is divided by 206?
201
What is the remainder when 75638 is divided by 18870?
158
What is the remainder when 4566 is divided by 4428?
138
Calculate the remainder when 5465403 is divided by 23.
5
Calculate the remainder when 221650 is divided by 31080.
4090
What is the remainder when 133373 is divided by 3778?
1143
What is the remainder when 79512 is divided by 31?
28
What is the remainder when 66531 is divided by 31689?
3153
What is the remainder when 7885447 is divided by 3186?
97
What is the remainder when 8540257 is divided by 15699?
1
Calculate the remainder when 206489 is divided by 9.
2
Calculate the remainder when 143517 is divided by 47641.
594
What is the remainder when 39724 is divided by 29668?
10056
Calculate the remainder when 235774 is divided by 58276.
2670
Calculate the remainder when 4869049 is divided by 167.
164
Calculate the remainder when 39376213 is divided by 577.
2
What is the remainder when 231832 is divided by 45336?
5152
Calculate the remainder when 11460 is divided by 3791.
87
What is the remainder when 79919 is divided by 343?
0
What is the remainder when 19696 is divided by 2985?
1786
What is the remainder when 135509 is divided by 289?
257
What is the remainder when 9343237 is divided by 535?
532
Calculate the remainder when 5358467 is divided by 1071691.
12
What is the remainder when 1187993 is divided by 98995?
53
What is the remainder when 891891 is divided by 2128?
259
What is the remainder when 394394 is divided by 71?
60
What is the remainder when 545374 is divided by 545363?
11
Calculate the remainder when 29021144 is divided by 551.
525
Calculate the remainder when 40957682 is divided by 19.
9
Calculate the remainder when 9403228 is divided by 2350775.
128
What is the remainder when 251908 is divided by 125034?
1840
What is the remainder when 15960276 is divided by 5091?
5082
What is the remainder when 13568617 is divided by 52?
49
What is the remainder when 2648061 is divided by 378248?
325
What is the remainder when 33498 is divided by 434?
80
Calculate the remainder when 72659 is divided by 2690.
29
Calculate the remainder when 2383607 is divided by 109.
104
Calculate the remainder when 220071216 is divided by 20.
16
Calculate the remainder when 6942256 is divided by 2447.
117
What is the remainder when 244469 is divided by 203?
57
Calculate the remainder when 108462641 is divided by 7816.
9
What is the remainder when 2302729 is divided by 7428?
49
Calculate the remainder when 2588969 is divided by 3438.
155
Calculate the remainder when 2143458 is divided by 34.
30
What is the remainder when 66803 is divided by 15500?
4803
What is the remainder when 154276604 is divided by 3115?
3114
Calculate the remainder when 129320 is divided by 64650.
20
Calculate the remainder when 4821 is divided by 2214.
393
What is the remainder when 12017 is divided by 10954?
1063
Calculate the remainder when 526938 is divided by 5726.
146
What is the remainder when 172859 is divided by 4114?
71
Calculate the remainder when 11166091 is divided by 7.
6
Calculate the remainder when 19879288 is divided by 915.
913
Calculate the remainder when 1197701 is divided by 239531.
46
Calculate the remainder when 247134 is divided by 123522.
90
Calculate the remainder when 188140 is divided by 93966.
208
Calculate the remainder when 1211088 is divided by 885.
408
Calculate the remainder when 43349393 is divided by 2037.
2033
What is the remainder when 75199085 is divided by 723068?
13
Calculate the remainder when 14643046 is divided by 319.
308
Calculate the remainder when 161812563 is divided by 39.
3
Calculate the remainder when 1459088 is divided by 479.
54
Calculate the remainder when 1299560 is divided by 1299513.
47
Calculate the remainder when 153445 is divided by 9567.
373
Calculate the remainder when 1177661 is divided by 588514.
633
What is the remainder when 4133567 is divided by 57409?
119
What is the remainder when 6140102 is divided by 5151?
110
Calculate the remainder when 285856 is divided by 1606.
1594
Calculate the remainder when 25810784 is divided by 492.
464
Calculate the remainder wh